1*p. What is the units digit of v(t)?
0
Suppose -3*m = -119 + 17. What is the units digit of m?
4
Let g = 5 + -8. What is the tens digit of (-12)/(g/(2 + 1))?
1
Suppose -26 = -5*b + 4*q - 2*q, -2*b + q = -11. Let j be (-2)/8 + 1/4. Let o = b - j. What is the units digit of o?
4
Suppose 4*u = -0*u + 136. Suppose o + 6 = u. What is the units digit of o?
8
Suppose 3*h = 7*h + 36. Let y = h - -25. What is the units digit of y?
6
Let w(j) = 2*j**2 + 6*j - 19. What is the hundreds digit of w(-11)?
1
Let f be 3/9 - (-393)/9. Let h = -28 + f. What is the tens digit of h?
1
Let s(x) = 10*x**2 + 12*x + 11. What is the tens digit of s(-4)?
2
Suppose -82 = v + 2*o - 372, -4*v - 4*o = -1164. What is the tens digit of v?
9
Suppose 20 = 2*d + 3*d. Let t = -18 + 20. Suppose -d*b + 15 = -q, b - t*b = -q. What is the units digit of q?
5
Suppose -5*v - z - 106 = -2*z, 100 = -4*v - 3*z. Let a = -2 - v. What is the units digit of a?
0
What is the tens digit of 27/18 + (-39)/(-2)?
2
Let j = 95 - 55. What is the tens digit of j?
4
Suppose 2*x = 2*t, 9 - 3 = -x - 2*t. Let a be x/(-4) + (-14)/(-4). What is the tens digit of a/(-12)*(-39)/1?
1
Suppose -1 = q - 9. Let x(r) = 2 - q - r - r. What is the units digit of x(-5)?
4
Let s be 26/7 - 8/(-28). Suppose -s*i + 10 + 86 = 0. What is the units digit of i?
4
Suppose -4*k + 24 = -3*k. What is the tens digit of 2 + k - (-2 + 5)?
2
Let l be (-3 - -1)*1 - -5. Suppose -n + l = 2. What is the units digit of n?
1
Let t(r) be the first derivative of r**2/2 + r - 3. What is the units digit of t(2)?
3
Let j = -410 + 722. What is the tens digit of j?
1
Suppose 0*v + v - 29 = 0. What is the units digit of v?
9
Suppose 4*s = 2*s, 5*s = -2*b + 48. Let o be (b/20)/((-4)/(-10)). Suppose 2*p - 17 = 3*v, -4*v + o*v = 4*p - 13. What is the units digit of p?
4
Let d be 10 + 1 - (-5 + 7). Suppose -d = -2*s + 67. What is the units digit of s?
8
Let c(z) = z**3 + z**2 + z + 118. Let i be c(0). Suppose -4*h = -i - 50. Suppose 2*k + 2*o - 51 = -k, -2*k = 4*o - h. What is the units digit of k?
5
Let s = 48 + -26. Suppose s = 2*j + 2. What is the tens digit of j?
1
Suppose 0 = 4*o + 5*l - 59, -3*o + 39 = l + l. Suppose -145 = 4*j - 5*t, -o = -4*t + 9. What is the units digit of ((-1)/(-2))/((-5)/j)?
3
Let y be (14/21)/(2/9). Suppose -y + 19 = 2*x. What is the units digit of x?
8
Suppose -44 = 5*u + 3*c, u + c + 7 = -1. Let a = u + 14. What is the units digit of a?
4
Suppose 2*p + 5 = 4*d - 1, -15 = -5*d + 5*p. Suppose d = -3*u - 4*y + 73, -u + y + 27 = 3*y. Let g = u - 4. What is the tens digit of g?
1
What is the units digit of (81/(-54))/((-2)/124)?
3
Let v(q) = -18*q - 2. What is the tens digit of v(-2)?
3
Let i = -6 + 21. What is the units digit of i?
5
Let r(p) = -p + 2. What is the units digit of r(-25)?
7
What is the units digit of 6/(-10) - 832/(-20)?
1
Let l be 2 + (2/2 - 1). Let w = l + 1. What is the units digit of -1*(-1 - w)/2?
2
Let k(o) = -o**2 + 6*o + 1. What is the units digit of k(2)?
9
Let y = 36 + -20. What is the units digit of y?
6
Let b = 31 - -67. What is the tens digit of b?
9
Let c(q) = -q**3 + 20*q**2 - 20*q + 24. What is the units digit of c(19)?
5
Let u be (-4)/(-14) + (-472)/(-14). Suppose 0 = 4*v + 20, -3*t = -4*v - v - 55. Suppose -4*a - t = -u. What is the units digit of a?
6
Suppose -5*a = -2*b + 75, -2*a = -0*b - b + 35. Suppose 0 = 3*w - 5*o - b, -w = -5*o - 6 - 19. Let g = w + 4. What is the units digit of g?
4
Let w(t) = t**3 + t + 49. What is the units digit of w(0)?
9
Let z = 7 + -4. Suppose q + 0 - z = 0. Suppose q*r - r = 8. What is the units digit of r?
4
Let b(d) = d**2 + 6*d. What is the units digit of b(-7)?
7
Suppose -5*o + 110 = 2*v, 2*v + 3*v = -o + 321. Suppose v = r + 4*r. What is the units digit of r?
3
Suppose 2*h - 4 = 4*u, 5*h + 3*u - 6 - 4 = 0. Suppose 0 = h*p + 3 - 17. What is the units digit of p?
7
Suppose -6 + 0 = -3*f. Let m be (-1 - (f + -10)) + 2. Suppose -55 = 4*o - m*o. What is the tens digit of o?
1
Suppose 44 = -7*v + 3*v. Let h = v - -19. What is the units digit of h?
8
Suppose 2*h - 6 = -0*h. Suppose 0 = 2*g - 4*q - 96, -2*g - h*g - 3*q = -175. What is the tens digit of g?
3
Let f(g) = 3*g**2 + 12*g + 27. What is the tens digit of f(-9)?
6
Let s(d) = d - 7. Let l be 0*2*1/(-4). Let j be l - (2 + -11 + 1). What is the units digit of s(j)?
1
Suppose 5*g - 134 = -2*x, -5*g + 3*x + 122 = -x. What is the units digit of g?
6
Let y(v) = v - 2. Let u be y(6). Let n(w) = -w**3 + 3*w**2 + 4*w - 2. Let p be n(u). What is the units digit of (-8)/5*15/p?
2
Suppose 15 = -3*i - 3. Suppose 5*k - 4*k + 3 = 0. Let b = k - i. What is the units digit of b?
3
Let n be (-14)/2*4/(-7). Suppose n*a - 5*j + 0*j = 37, -4*j = -a + 1. What is the tens digit of a?
1
Suppose 2 = 3*i - 2*i. Suppose -4*u + 2*u + i*c - 2 = 0, 5*u = -2*c + 30. Let y = 2 + u. What is the units digit of y?
6
Let b = -8 - -13. Suppose -b*u + 17 = 4*q, 0*q + q + 4*u = 7. What is the units digit of q?
3
Let r be 1*(0 + 1) - -2. Suppose r*m - 1 - 8 = 0. What is the units digit of m?
3
Let l = -10 + 15. Suppose -j - l*y + 38 = 2*j, -3*y - 6 = -3*j. What is the units digit of j?
6
Suppose 0 = 5*t - 14 - 1. Suppose -220 = -t*r - 2*r. Let y = r + -28. What is the tens digit of y?
1
Let h = -5 - -10. Suppose 32 = h*i - 38. What is the units digit of i?
4
Suppose t - 81 = 2*o, -2*t + 3*o + 299 = 2*t. What is the tens digit of t?
7
What is the tens digit of 16/2*(-105)/36*-3?
7
Let m = -10 - -72. What is the tens digit of m?
6
Let h be 27/(-18)*52/(-3). Let y = 38 - h. Suppose y = 4*f - 24. What is the units digit of f?
9
Suppose 20 = 4*n, -4*n + 45 = -3*s + 274. What is the tens digit of s?
8
Let r be 9 + (3 - (3 - 0)). Let j = 13 - r. Suppose -j*b = -9*b + 45. What is the units digit of b?
9
Suppose -n = 2*o - 5*n - 86, 0 = -4*o - 3*n + 128. What is the units digit of o?
5
Let b(y) = y - 2. Let d be b(4). Suppose -d*k = -5*k. Suppose k*a = -3*a + 21. What is the units digit of a?
7
Let n(l) = 4*l**2 - 5*l + 2*l**2 - 2 - 6*l**2 + l**2. What is the units digit of n(6)?
4
What is the units digit of (-9)/(-6)*(-264)/(-2)?
8
Let w be 1*30 - (-1 - 1). Suppose -2*n + 3 = 2*j - 13, -4*j + w = -5*n. What is the units digit of j?
8
Suppose -h = 5*a - 51, -h - 3*a + 55 = -2*a. Let t = -38 + h. Let m = -13 + t. What is the units digit of m?
5
Suppose -5*q + 4*q + 2*t + 150 = 0, 0 = 5*q + 2*t - 726. What is the units digit of q?
6
Let g(i) = -2*i**2 - 28*i + 2. What is the units digit of g(-14)?
2
Let g(n) = -10*n - 10. Let k(m) = m + 1. Let i(w) = -2*g(w) - 18*k(w). What is the tens digit of i(9)?
2
Suppose 2*b - n + 49 = 4*b, 4*n + 20 = 0. What is the tens digit of b?
2
Suppose -70 = -4*c - 10. Let t = c + -7. Suppose q - 5*q = -t. What is the units digit of q?
2
Suppose a = 5*b + 2*a - 13, 5*b - 2*a = 4. Let t = 0 + b. Suppose t*f - 11 - 11 = 0. What is the tens digit of f?
1
Let r = -11 - -4. Let l = -1 - r. What is the units digit of l?
6
Suppose -s + 9 = -5. Let y = -7 + s. What is the units digit of y?
7
Let i(a) = -a**2 + 7*a - 4. Let y be i(3). Let z = -6 + y. What is the units digit of z?
2
Let a(j) = -22*j. Let p be a(-2). Suppose -p = -v - 3*v. Let b = -4 + v. What is the units digit of b?
7
Let b(g) = g**2 + 7*g + 4. Let y(v) = -5*v**2 - 29*v - 16. Let h(l) = 9*b(l) + 2*y(l). Let s be h(5). Let r(x) = x**2 - 2*x. What is the units digit of r(s)?
8
Let a(m) = 5*m + 2. Suppose 3*p = 4*p - 5*g + 18, 3*p - 10 = -g. What is the tens digit of a(p)?
1
What is the tens digit of ((-18)/15)/(9/(-675))?
9
What is the tens digit of (-28)/(-70) - ((-5028)/(-10))/(-3)?
6
Let c = 32 + -7. What is the tens digit of c?
2
Suppose -2*f - 2 = -z + 1, z - 9 = -4*f. Suppose -z*d + 12 = -2*d. Suppose 0 = -3*j - d + 13. What is the units digit of j?
3
Let j(c) = -2*c - 4. Let k be j(-4). Let z(t) = -t**3 + 4*t**2 - t + 2. Let r be z(k). Let a = r + 4. What is the units digit of a?
2
Suppose -2*y + 2*k + 75 = -19, -4*k = -y + 59. What is the units digit of y?
3
Let c = -6 - -14. What is the units digit of 1/2 + 44/c?
6
Suppose y + j + 1 - 5 = 0, -3 = -3*j. Let w be 1/(-2)*(1 - y). What is the units digit of -6*(w/(-3) + -1)?
8
Let m(v) = -2*v - 1 + 0*v - 3. Let k be (5/(-4))/(3/12). What is the units digit of m(k)?
6
Let i(q) = 4*q + q - 4*q + 1. What is the 